{"id":119,"date":"2023-09-16T04:02:14","date_gmt":"2023-09-16T04:02:14","guid":{"rendered":"https:\/\/altavista-consulting.com\/?page_id=119"},"modified":"2026-02-07T18:38:13","modified_gmt":"2026-02-07T23:38:13","slug":"portfolio","status":"publish","type":"page","link":"https:\/\/altavista-consulting.com\/index.php\/portfolio\/","title":{"rendered":"Portfolio"},"content":{"rendered":"\t\t<div data-elementor-type=\"wp-page\" data-elementor-id=\"119\" class=\"elementor elementor-119\" data-elementor-post-type=\"page\">\n\t\t\t\t\t\t<section class=\"elementor-section elementor-top-section elementor-element elementor-element-10c28e2 elementor-section-boxed elementor-section-height-default elementor-section-height-default\" data-id=\"10c28e2\" data-element_type=\"section\" data-e-type=\"section\" data-settings=\"{&quot;wdt_bg_image&quot;:{&quot;url&quot;:&quot;&quot;,&quot;id&quot;:&quot;&quot;,&quot;size&quot;:&quot;&quot;},&quot;wdt_bg_image_laptop&quot;:{&quot;url&quot;:&quot;&quot;,&quot;id&quot;:&quot;&quot;,&quot;size&quot;:&quot;&quot;},&quot;wdt_bg_image_tablet_extra&quot;:{&quot;url&quot;:&quot;&quot;,&quot;id&quot;:&quot;&quot;,&quot;size&quot;:&quot;&quot;},&quot;wdt_bg_image_tablet&quot;:{&quot;url&quot;:&quot;&quot;,&quot;id&quot;:&quot;&quot;,&quot;size&quot;:&quot;&quot;},&quot;wdt_bg_image_mobile_extra&quot;:{&quot;url&quot;:&quot;&quot;,&quot;id&quot;:&quot;&quot;,&quot;size&quot;:&quot;&quot;},&quot;wdt_bg_image_mobile&quot;:{&quot;url&quot;:&quot;&quot;,&quot;id&quot;:&quot;&quot;,&quot;size&quot;:&quot;&quot;},&quot;wdt_bg_position&quot;:&quot;center center&quot;,&quot;wdt_animation_effect&quot;:&quot;none&quot;}\">\n\t\t\t\t\t\t<div class=\"elementor-container elementor-column-gap-no\">\n\t\t\t\t\t<div class=\"elementor-column elementor-col-100 elementor-top-column elementor-element elementor-element-52ebce2\" data-id=\"52ebce2\" data-element_type=\"column\" data-e-type=\"column\">\n\t\t\t<div class=\"elementor-widget-wrap elementor-element-populated\">\n\t\t\t\t\t\t<section class=\"elementor-section elementor-inner-section elementor-element elementor-element-47e21f8 elementor-section-full_width elementor-section-height-default elementor-section-height-default\" data-id=\"47e21f8\" data-element_type=\"section\" data-e-type=\"section\" data-settings=\"{&quot;wdt_bg_image&quot;:{&quot;url&quot;:&quot;&quot;,&quot;id&quot;:&quot;&quot;,&quot;size&quot;:&quot;&quot;},&quot;wdt_bg_image_laptop&quot;:{&quot;url&quot;:&quot;&quot;,&quot;id&quot;:&quot;&quot;,&quot;size&quot;:&quot;&quot;},&quot;wdt_bg_image_tablet_extra&quot;:{&quot;url&quot;:&quot;&quot;,&quot;id&quot;:&quot;&quot;,&quot;size&quot;:&quot;&quot;},&quot;wdt_bg_image_tablet&quot;:{&quot;url&quot;:&quot;&quot;,&quot;id&quot;:&quot;&quot;,&quot;size&quot;:&quot;&quot;},&quot;wdt_bg_image_mobile_extra&quot;:{&quot;url&quot;:&quot;&quot;,&quot;id&quot;:&quot;&quot;,&quot;size&quot;:&quot;&quot;},&quot;wdt_bg_image_mobile&quot;:{&quot;url&quot;:&quot;&quot;,&quot;id&quot;:&quot;&quot;,&quot;size&quot;:&quot;&quot;},&quot;wdt_bg_position&quot;:&quot;center center&quot;,&quot;wdt_animation_effect&quot;:&quot;none&quot;}\">\n\t\t\t\t\t\t<div class=\"elementor-container elementor-column-gap-no\">\n\t\t\t\t\t<div class=\"elementor-column elementor-col-100 elementor-inner-column elementor-element elementor-element-1a25459 elementor-invisible\" data-id=\"1a25459\" data-element_type=\"column\" data-e-type=\"column\" data-settings=\"{&quot;animation&quot;:&quot;fadeInLeft&quot;}\">\n\t\t\t<div class=\"elementor-widget-wrap elementor-element-populated\">\n\t\t\t\t\t\t<div class=\"elementor-element elementor-element-50b42a5 start elementor-widget__width-initial elementor-widget elementor-widget-wdt-heading\" data-id=\"50b42a5\" data-element_type=\"widget\" data-e-type=\"widget\" data-settings=\"{&quot;wdt_enable_inview_status&quot;:&quot;true&quot;,&quot;wdt_animation_effect&quot;:&quot;none&quot;}\" data-widget_type=\"wdt-heading.default\">\n\t\t\t\t<div class=\"elementor-widget-container\">\n\t\t\t\t\t<div class=\"wdt-heading-holder \" id=\"wdt-heading-50b42a5\"><h2 class=\"wdt-heading-title-wrapper wdt-heading-align-center wdt-heading-deco-wrapper\"><span class=\"wdt-heading-title\">Portafolio <span class=\"wdt-heading-colored-elements\">de<\/span> Proyectos<\/span><\/h2><div class=\"wdt-heading-content-wrapper\">\u2022 Rutas educativas desde educaci\u00f3n inicial hasta posgrados internacionales. \n\u2022 Presencia y expansi\u00f3n proyectada en Colombia, M\u00e9xico, Centroam\u00e9rica, Per\u00fa, Ecuador y comunidades migrantes.<\/div><\/div>\t\t\t\t<\/div>\n\t\t\t\t<\/div>\n\t\t\t\t\t<\/div>\n\t\t<\/div>\n\t\t\t\t\t<\/div>\n\t\t<\/section>\n\t\t\t\t<section class=\"elementor-section elementor-inner-section elementor-element elementor-element-290fac9 elementor-section-full_width elementor-section-height-default elementor-section-height-default elementor-invisible\" data-id=\"290fac9\" data-element_type=\"section\" data-e-type=\"section\" data-settings=\"{&quot;animation&quot;:&quot;fadeInUp&quot;,&quot;wdt_bg_image&quot;:{&quot;url&quot;:&quot;&quot;,&quot;id&quot;:&quot;&quot;,&quot;size&quot;:&quot;&quot;},&quot;wdt_bg_image_laptop&quot;:{&quot;url&quot;:&quot;&quot;,&quot;id&quot;:&quot;&quot;,&quot;size&quot;:&quot;&quot;},&quot;wdt_bg_image_tablet_extra&quot;:{&quot;url&quot;:&quot;&quot;,&quot;id&quot;:&quot;&quot;,&quot;size&quot;:&quot;&quot;},&quot;wdt_bg_image_tablet&quot;:{&quot;url&quot;:&quot;&quot;,&quot;id&quot;:&quot;&quot;,&quot;size&quot;:&quot;&quot;},&quot;wdt_bg_image_mobile_extra&quot;:{&quot;url&quot;:&quot;&quot;,&quot;id&quot;:&quot;&quot;,&quot;size&quot;:&quot;&quot;},&quot;wdt_bg_image_mobile&quot;:{&quot;url&quot;:&quot;&quot;,&quot;id&quot;:&quot;&quot;,&quot;size&quot;:&quot;&quot;},&quot;wdt_bg_position&quot;:&quot;center center&quot;,&quot;wdt_animation_effect&quot;:&quot;none&quot;}\">\n\t\t\t\t\t\t<div class=\"elementor-container elementor-column-gap-no\">\n\t\t\t\t\t<div class=\"elementor-column elementor-col-100 elementor-inner-column elementor-element elementor-element-8e6b988\" data-id=\"8e6b988\" data-element_type=\"column\" data-e-type=\"column\">\n\t\t\t<div class=\"elementor-widget-wrap elementor-element-populated\">\n\t\t\t\t\t\t<div class=\"elementor-element elementor-element-67a5703 elementor-widget elementor-widget-wdt-widget-df-listings-listing\" data-id=\"67a5703\" data-element_type=\"widget\" data-e-type=\"widget\" data-settings=\"{&quot;wdt_animation_effect&quot;:&quot;none&quot;}\" data-widget_type=\"wdt-widget-df-listings-listing.default\">\n\t\t\t\t<div class=\"elementor-widget-container\">\n\t\t\t\t\t<div class=\"wdt-listing-output-data-container wdt-direct-list-items wdt-listing-no-map \"  ><div class=\"wdt-listing-output-data-holder\" data-type=\"type1\" data-gallery=\"featured_image\" data-postperpage=\"-1\" data-columns=\"2\" data-applyisotope=\"true\" data-isotopefilter=\"category\" data-showisotopefiltercount=\"true\" data-applychildof=\"false\" data-featureditems=\"false\" data-featuresimageoricon=\"\" data-featuresinclude=\"\" data-noofcattodisplay=\"2\" data-excerptlength=\"20\" data-applyequalheight=\"false\" data-paginationtype=\"\" data-moduleid=\"67a5703\" data-customoptions=\"\" data-listitemids=\"\" data-categoryids=\"\" data-tagids=\"\" data-showimagepopup=\"no\" data-masonaryoneitems=\"\" data-masonaryonehalfitems=\"1, 2, 3, 4, 5, 6, 7\" data-masonaryonethirditems=\"\" data-masonarytwothirditems=\"\" data-masonaryonefourthitems=\"\" data-masonarythreefourthitems=\"\" data-carouselresponsive=\"\" data-moduleid=\"67a5703\"><\/div><div class=\"wdt-ajax-load-image \" style=\"display:none;\">\r\n\t\t<div class=\"wdt-loader-inner\">\r\n\t\t<\/div>\r\n\t<\/div><\/div>\t\t\t\t<\/div>\n\t\t\t\t<\/div>\n\t\t\t\t\t<\/div>\n\t\t<\/div>\n\t\t\t\t\t<\/div>\n\t\t<\/section>\n\t\t\t\t\t<\/div>\n\t\t<\/div>\n\t\t\t\t\t<\/div>\n\t\t<\/section>\n\t\t\t\t<section class=\"elementor-section elementor-top-section elementor-element elementor-element-b2f6068 elementor-section-boxed elementor-section-height-default elementor-section-height-default\" data-id=\"b2f6068\" data-element_type=\"section\" data-e-type=\"section\" data-settings=\"{&quot;background_background&quot;:&quot;gradient&quot;,&quot;wdt_bg_image&quot;:{&quot;url&quot;:&quot;&quot;,&quot;id&quot;:&quot;&quot;,&quot;size&quot;:&quot;&quot;},&quot;wdt_bg_image_laptop&quot;:{&quot;url&quot;:&quot;&quot;,&quot;id&quot;:&quot;&quot;,&quot;size&quot;:&quot;&quot;},&quot;wdt_bg_image_tablet_extra&quot;:{&quot;url&quot;:&quot;&quot;,&quot;id&quot;:&quot;&quot;,&quot;size&quot;:&quot;&quot;},&quot;wdt_bg_image_tablet&quot;:{&quot;url&quot;:&quot;&quot;,&quot;id&quot;:&quot;&quot;,&quot;size&quot;:&quot;&quot;},&quot;wdt_bg_image_mobile_extra&quot;:{&quot;url&quot;:&quot;&quot;,&quot;id&quot;:&quot;&quot;,&quot;size&quot;:&quot;&quot;},&quot;wdt_bg_image_mobile&quot;:{&quot;url&quot;:&quot;&quot;,&quot;id&quot;:&quot;&quot;,&quot;size&quot;:&quot;&quot;},&quot;wdt_bg_position&quot;:&quot;center center&quot;,&quot;wdt_animation_effect&quot;:&quot;none&quot;}\">\n\t\t\t\t\t\t<div class=\"elementor-container elementor-column-gap-no\">\n\t\t\t\t\t<div class=\"elementor-column elementor-col-50 elementor-top-column elementor-element elementor-element-4bb0dee elementor-invisible\" data-id=\"4bb0dee\" data-element_type=\"column\" data-e-type=\"column\" data-settings=\"{&quot;animation&quot;:&quot;fadeInLeft&quot;}\">\n\t\t\t<div class=\"elementor-widget-wrap elementor-element-populated\">\n\t\t\t\t\t\t<div class=\"elementor-element elementor-element-516acd5 start wdt-custom-inview wdt-cus-large-font-section elementor-widget elementor-widget-wdt-heading\" data-id=\"516acd5\" data-element_type=\"widget\" data-e-type=\"widget\" data-settings=\"{&quot;wdt_enable_inview_status&quot;:&quot;true&quot;,&quot;wdt_animation_effect&quot;:&quot;none&quot;}\" data-widget_type=\"wdt-heading.default\">\n\t\t\t\t<div class=\"elementor-widget-container\">\n\t\t\t\t\t<div class=\"wdt-heading-holder \" id=\"wdt-heading-516acd5\"><div class=\"wdt-heading-subtitle-wrapper wdt-heading-align-center \"><span class=\"wdt-heading-subtitle\">Cont\u00e1ctanos<\/span><\/div><h2 class=\"wdt-heading-title-wrapper wdt-heading-align-center wdt-heading-deco-wrapper\"><span class=\"wdt-heading-title\">Tienes Una Instituci\u00f3n Educativa? hablemos!<\/span><\/h2><\/div>\t\t\t\t<\/div>\n\t\t\t\t<\/div>\n\t\t\t\t\t<\/div>\n\t\t<\/div>\n\t\t\t\t<div class=\"elementor-column elementor-col-50 elementor-top-column elementor-element elementor-element-83a6b93\" data-id=\"83a6b93\" data-element_type=\"column\" data-e-type=\"column\">\n\t\t\t<div class=\"elementor-widget-wrap elementor-element-populated\">\n\t\t\t\t\t\t<div class=\"elementor-element elementor-element-62f80d6 wdt-cus-get-in-touch-btn type1 elementor-widget-mobile_extra__width-auto center elementor-invisible elementor-widget elementor-widget-wdt-button\" data-id=\"62f80d6\" data-element_type=\"widget\" data-e-type=\"widget\" data-settings=\"{&quot;_animation&quot;:&quot;fadeInDown&quot;,&quot;wdt_animation_effect&quot;:&quot;none&quot;}\" data-widget_type=\"wdt-button.default\">\n\t\t\t\t<div class=\"elementor-widget-container\">\n\t\t\t\t\t<div class=\"wdt-button-holder wdt-template-filled wdt-button-link wdt-button-style-default wdt-button-size-sm wdt-animation- wdt-button-icon-after\" id=\"wdt-button-62f80d6\"><a class=\"wdt-button\" href=\"https:\/\/altavista-consulting.com\/contacto\/\"><div class=\"wdt-button-text\"><span>M\u00e1s Informaci\u00f3n<\/span><\/div><div class=\"wdt-button-icon\"><span><i><svg xmlns=\"http:\/\/www.w3.org\/2000\/svg\" xmlns:xlink=\"http:\/\/www.w3.org\/1999\/xlink\" x=\"0px\" y=\"0px\" viewBox=\"0 0 100 100\" style=\"enable-background:new 0 0 100 100;\" xml:space=\"preserve\"><path d=\"M62.7,86.3c-1.2,0-2.4-0.5-3.3-1.4c-1.8-1.8-1.8-4.8,0-6.6L87.7,50L59.3,21.7c-1.8-1.8-1.8-4.8,0-6.6c1.8-1.8,4.8-1.8,6.6,0 l31.6,31.6c1.8,1.8,1.8,4.8,0,6.6L66,85C65.1,85.9,63.9,86.3,62.7,86.3z\"><\/path><path d=\"M93.4,54.7H5.7C3.1,54.7,1,52.6,1,50s2.1-4.7,4.7-4.7h87.7c2.6,0,4.7,2.1,4.7,4.7S96,54.7,93.4,54.7z\"><\/path><\/svg><\/i><\/span><\/div><\/a><\/div>\t\t\t\t<\/div>\n\t\t\t\t<\/div>\n\t\t\t\t<div class=\"elementor-element elementor-element-3264cba wdt-cus-get-in-touch-btn type2 elementor-widget-mobile_extra__width-auto center elementor-invisible elementor-widget elementor-widget-wdt-button\" data-id=\"3264cba\" data-element_type=\"widget\" data-e-type=\"widget\" data-settings=\"{&quot;_animation&quot;:&quot;fadeInUp&quot;,&quot;wdt_animation_effect&quot;:&quot;none&quot;}\" data-widget_type=\"wdt-button.default\">\n\t\t\t\t<div class=\"elementor-widget-container\">\n\t\t\t\t\t<div class=\"wdt-button-holder wdt-template-filled wdt-button-link wdt-button-style-default wdt-button-size-sm wdt-animation- wdt-button-icon-after\" id=\"wdt-button-3264cba\"><a class=\"wdt-button\" href=\"https:\/\/altavista-consulting.com\/contacto\/\"><div class=\"wdt-button-text\"><span>Agendar una Reuni\u00f3n Estrat\u00e9gica<\/span><\/div><div class=\"wdt-button-icon\"><span><i><svg xmlns=\"http:\/\/www.w3.org\/2000\/svg\" xmlns:xlink=\"http:\/\/www.w3.org\/1999\/xlink\" x=\"0px\" y=\"0px\" viewBox=\"0 0 100 100\" style=\"enable-background:new 0 0 100 100;\" xml:space=\"preserve\"><path d=\"M62.7,86.3c-1.2,0-2.4-0.5-3.3-1.4c-1.8-1.8-1.8-4.8,0-6.6L87.7,50L59.3,21.7c-1.8-1.8-1.8-4.8,0-6.6c1.8-1.8,4.8-1.8,6.6,0 l31.6,31.6c1.8,1.8,1.8,4.8,0,6.6L66,85C65.1,85.9,63.9,86.3,62.7,86.3z\"><\/path><path d=\"M93.4,54.7H5.7C3.1,54.7,1,52.6,1,50s2.1-4.7,4.7-4.7h87.7c2.6,0,4.7,2.1,4.7,4.7S96,54.7,93.4,54.7z\"><\/path><\/svg><\/i><\/span><\/div><\/a><\/div>\t\t\t\t<\/div>\n\t\t\t\t<\/div>\n\t\t\t\t\t<\/div>\n\t\t<\/div>\n\t\t\t\t\t<\/div>\n\t\t<\/section>\n\t\t\t\t<\/div>\n\t\t","protected":false},"excerpt":{"rendered":"<p>Portafolio de Proyectos \u2022 Rutas educativas desde educaci\u00f3n inicial hasta posgrados internacionales. \u2022 Presencia y expansi\u00f3n proyectada en Colombia, M\u00e9xico, Centroam\u00e9rica, Per\u00fa, Ecuador y comunidades migrantes. Cont\u00e1ctanos Tienes Una Instituci\u00f3n Educativa? hablemos! M\u00e1s Informaci\u00f3n Agendar una Reuni\u00f3n Estrat\u00e9gica<\/p>\n","protected":false},"author":1,"featured_media":0,"parent":0,"menu_order":0,"comment_status":"closed","ping_status":"closed","template":"elementor_header_footer","meta":{"inline_featured_image":false,"footnotes":""},"class_list":["post-119","page","type-page","status-publish","hentry"],"yoast_head":"<!-- This site is optimized with the Yoast SEO plugin v27.3 - https:\/\/yoast.com\/product\/yoast-seo-wordpress\/ -->\n<title>Portfolio - Altavista Consulting Group<\/title>\n<meta name=\"robots\" content=\"noindex, follow, max-snippet:-1, max-image-preview:large, max-video-preview:-1\" \/>\n<meta property=\"og:locale\" content=\"en_US\" \/>\n<meta property=\"og:type\" content=\"article\" \/>\n<meta property=\"og:title\" content=\"Portfolio - Altavista Consulting Group\" \/>\n<meta property=\"og:description\" content=\"Portafolio de Proyectos \u2022 Rutas educativas desde educaci\u00f3n inicial hasta posgrados internacionales. \u2022 Presencia y expansi\u00f3n proyectada en Colombia, M\u00e9xico, Centroam\u00e9rica, Per\u00fa, Ecuador y comunidades migrantes. Cont\u00e1ctanos Tienes Una Instituci\u00f3n Educativa? hablemos! M\u00e1s Informaci\u00f3n Agendar una Reuni\u00f3n Estrat\u00e9gica\" \/>\n<meta property=\"og:url\" content=\"https:\/\/altavista-consulting.com\/index.php\/portfolio\/\" \/>\n<meta property=\"og:site_name\" content=\"Altavista Consulting Group\" \/>\n<meta property=\"article:modified_time\" content=\"2026-02-07T23:38:13+00:00\" \/>\n<meta name=\"twitter:card\" content=\"summary_large_image\" \/>\n<meta name=\"twitter:label1\" content=\"Est. reading time\" \/>\n\t<meta name=\"twitter:data1\" content=\"4 minutes\" \/>\n<script type=\"application\/ld+json\" class=\"yoast-schema-graph\">{\"@context\":\"https:\\\/\\\/schema.org\",\"@graph\":[{\"@type\":\"WebPage\",\"@id\":\"https:\\\/\\\/altavista-consulting.com\\\/index.php\\\/portfolio\\\/\",\"url\":\"https:\\\/\\\/altavista-consulting.com\\\/index.php\\\/portfolio\\\/\",\"name\":\"Portfolio - Altavista Consulting Group\",\"isPartOf\":{\"@id\":\"https:\\\/\\\/altavista-consulting.com\\\/#website\"},\"datePublished\":\"2023-09-16T04:02:14+00:00\",\"dateModified\":\"2026-02-07T23:38:13+00:00\",\"breadcrumb\":{\"@id\":\"https:\\\/\\\/altavista-consulting.com\\\/index.php\\\/portfolio\\\/#breadcrumb\"},\"inLanguage\":\"en-CA\",\"potentialAction\":[{\"@type\":\"ReadAction\",\"target\":[\"https:\\\/\\\/altavista-consulting.com\\\/index.php\\\/portfolio\\\/\"]}]},{\"@type\":\"BreadcrumbList\",\"@id\":\"https:\\\/\\\/altavista-consulting.com\\\/index.php\\\/portfolio\\\/#breadcrumb\",\"itemListElement\":[{\"@type\":\"ListItem\",\"position\":1,\"name\":\"Home\",\"item\":\"https:\\\/\\\/altavista-consulting.com\\\/\"},{\"@type\":\"ListItem\",\"position\":2,\"name\":\"Portfolio\"}]},{\"@type\":\"WebSite\",\"@id\":\"https:\\\/\\\/altavista-consulting.com\\\/#website\",\"url\":\"https:\\\/\\\/altavista-consulting.com\\\/\",\"name\":\"Altavista Consulting Group\",\"description\":\"\",\"publisher\":{\"@id\":\"https:\\\/\\\/altavista-consulting.com\\\/#organization\"},\"potentialAction\":[{\"@type\":\"SearchAction\",\"target\":{\"@type\":\"EntryPoint\",\"urlTemplate\":\"https:\\\/\\\/altavista-consulting.com\\\/?s={search_term_string}\"},\"query-input\":{\"@type\":\"PropertyValueSpecification\",\"valueRequired\":true,\"valueName\":\"search_term_string\"}}],\"inLanguage\":\"en-CA\"},{\"@type\":\"Organization\",\"@id\":\"https:\\\/\\\/altavista-consulting.com\\\/#organization\",\"name\":\"Altavista Consulting Group\",\"url\":\"https:\\\/\\\/altavista-consulting.com\\\/\",\"logo\":{\"@type\":\"ImageObject\",\"inLanguage\":\"en-CA\",\"@id\":\"https:\\\/\\\/altavista-consulting.com\\\/#\\\/schema\\\/logo\\\/image\\\/\",\"url\":\"https:\\\/\\\/altavista-consulting.com\\\/wp-content\\\/uploads\\\/2026\\\/01\\\/Logotipo-Altavista-horizontal-color.svg\",\"contentUrl\":\"https:\\\/\\\/altavista-consulting.com\\\/wp-content\\\/uploads\\\/2026\\\/01\\\/Logotipo-Altavista-horizontal-color.svg\",\"caption\":\"Altavista Consulting Group\"},\"image\":{\"@id\":\"https:\\\/\\\/altavista-consulting.com\\\/#\\\/schema\\\/logo\\\/image\\\/\"}}]}<\/script>\n<!-- \/ Yoast SEO plugin. -->","yoast_head_json":{"title":"Portfolio - Altavista Consulting Group","robots":{"index":"noindex","follow":"follow","max-snippet":"max-snippet:-1","max-image-preview":"max-image-preview:large","max-video-preview":"max-video-preview:-1"},"og_locale":"en_US","og_type":"article","og_title":"Portfolio - Altavista Consulting Group","og_description":"Portafolio de Proyectos \u2022 Rutas educativas desde educaci\u00f3n inicial hasta posgrados internacionales. \u2022 Presencia y expansi\u00f3n proyectada en Colombia, M\u00e9xico, Centroam\u00e9rica, Per\u00fa, Ecuador y comunidades migrantes. Cont\u00e1ctanos Tienes Una Instituci\u00f3n Educativa? hablemos! M\u00e1s Informaci\u00f3n Agendar una Reuni\u00f3n Estrat\u00e9gica","og_url":"https:\/\/altavista-consulting.com\/index.php\/portfolio\/","og_site_name":"Altavista Consulting Group","article_modified_time":"2026-02-07T23:38:13+00:00","twitter_card":"summary_large_image","twitter_misc":{"Est. reading time":"4 minutes"},"schema":{"@context":"https:\/\/schema.org","@graph":[{"@type":"WebPage","@id":"https:\/\/altavista-consulting.com\/index.php\/portfolio\/","url":"https:\/\/altavista-consulting.com\/index.php\/portfolio\/","name":"Portfolio - Altavista Consulting Group","isPartOf":{"@id":"https:\/\/altavista-consulting.com\/#website"},"datePublished":"2023-09-16T04:02:14+00:00","dateModified":"2026-02-07T23:38:13+00:00","breadcrumb":{"@id":"https:\/\/altavista-consulting.com\/index.php\/portfolio\/#breadcrumb"},"inLanguage":"en-CA","potentialAction":[{"@type":"ReadAction","target":["https:\/\/altavista-consulting.com\/index.php\/portfolio\/"]}]},{"@type":"BreadcrumbList","@id":"https:\/\/altavista-consulting.com\/index.php\/portfolio\/#breadcrumb","itemListElement":[{"@type":"ListItem","position":1,"name":"Home","item":"https:\/\/altavista-consulting.com\/"},{"@type":"ListItem","position":2,"name":"Portfolio"}]},{"@type":"WebSite","@id":"https:\/\/altavista-consulting.com\/#website","url":"https:\/\/altavista-consulting.com\/","name":"Altavista Consulting Group","description":"","publisher":{"@id":"https:\/\/altavista-consulting.com\/#organization"},"potentialAction":[{"@type":"SearchAction","target":{"@type":"EntryPoint","urlTemplate":"https:\/\/altavista-consulting.com\/?s={search_term_string}"},"query-input":{"@type":"PropertyValueSpecification","valueRequired":true,"valueName":"search_term_string"}}],"inLanguage":"en-CA"},{"@type":"Organization","@id":"https:\/\/altavista-consulting.com\/#organization","name":"Altavista Consulting Group","url":"https:\/\/altavista-consulting.com\/","logo":{"@type":"ImageObject","inLanguage":"en-CA","@id":"https:\/\/altavista-consulting.com\/#\/schema\/logo\/image\/","url":"https:\/\/altavista-consulting.com\/wp-content\/uploads\/2026\/01\/Logotipo-Altavista-horizontal-color.svg","contentUrl":"https:\/\/altavista-consulting.com\/wp-content\/uploads\/2026\/01\/Logotipo-Altavista-horizontal-color.svg","caption":"Altavista Consulting Group"},"image":{"@id":"https:\/\/altavista-consulting.com\/#\/schema\/logo\/image\/"}}]}},"_links":{"self":[{"href":"https:\/\/altavista-consulting.com\/index.php\/wp-json\/wp\/v2\/pages\/119","targetHints":{"allow":["GET"]}}],"collection":[{"href":"https:\/\/altavista-consulting.com\/index.php\/wp-json\/wp\/v2\/pages"}],"about":[{"href":"https:\/\/altavista-consulting.com\/index.php\/wp-json\/wp\/v2\/types\/page"}],"author":[{"embeddable":true,"href":"https:\/\/altavista-consulting.com\/index.php\/wp-json\/wp\/v2\/users\/1"}],"replies":[{"embeddable":true,"href":"https:\/\/altavista-consulting.com\/index.php\/wp-json\/wp\/v2\/comments?post=119"}],"version-history":[{"count":6,"href":"https:\/\/altavista-consulting.com\/index.php\/wp-json\/wp\/v2\/pages\/119\/revisions"}],"predecessor-version":[{"id":1713,"href":"https:\/\/altavista-consulting.com\/index.php\/wp-json\/wp\/v2\/pages\/119\/revisions\/1713"}],"wp:attachment":[{"href":"https:\/\/altavista-consulting.com\/index.php\/wp-json\/wp\/v2\/media?parent=119"}],"curies":[{"name":"wp","href":"https:\/\/api.w.org\/{rel}","templated":true}]}}